uate -2 + 1 + 4 + 0.
3
Calculate -8 + 4 + (0 - -6).
2
What is 2 + -5 + 5 - 1 - -1?
2
What is -1 - (-2 + -3 + -1)?
5
Calculate 27 + -27 - (5 + -1).
-4
What is (-17 - -7) + 1 + 4?
-5
-1 + (18 + -15 - (-1 - -1))
2
What is the value of 3 + 2 - 0 - (17 - 11)?
-1
What is the value of -2 + 5 - (-7 + 5 - -7)?
-2
-7 - (1 - (3 - 2) - 2)
-5
What is the value of 2 + 0 + -7 + (-19 - -24)?
0
What is -9 + -5 + 7 - (-4 + 2)?
-5
-22 + 20 + (-3 - -2)
-3
What is -9 + (5 - 1) + 2 - 0?
-3
What is the value of -1 + -3 + 2 - (9 - 8)?
-3
-1 + (-12 - -16) + (0 - 3)
0
Calculate (4 - (4 - 2)) + (4 - 4).
2
Calculate -1 - (4 - 1 - (5 - 5)).
-4
What is the value of (2 - 2) + (-6 - -14 - 6)?
2
What is the value of (20 - 23) + -2 + 12?
7
Evaluate 2 - 9 - -3 - -4.
0
103 - 112 - (-5 - 1)
-3
What is the value of 0 + 2 - (38 - 29)?
-7
Calculate -1 - (-4 + 9) - -3.
-3
What is (6 - (3 + -1)) + -1 + 2?
5
What is the value of 2 + (-2 - (4 - 2)) + 4?
2
Evaluate 4 + 0 + 22 + -33 - 2.
-9
What is the value of 0 + 0 - (2 - -1) - -2?
-1
10 - (0 + 11 + -1 + -5)
5
Evaluate 6 + -6 + 2 + -2 + 4.
4
0 + 5 + -3 + -6 + -1
-5
What is (-5 - -3) + 10 + -2?
6
What is the value of (-3 - -6) + -4 - 3 - 0?
-4
-1 - -2 - (-55 + 54) - -4
6
What is 2 - 1 - (-11 + 5 + 3)?
4
What is the value of -4 + (-3 - (-6 - -4))?
-5
Evaluate (-11 + 5 - -11 - 1) + 1.
5
What is -6 - (-5 + 0) - (-2 + 4)?
-3
What is the value of -6 + (-7 - -6) + 5?
-2
Calculate 18 + 0 + -1 + -4 + -7.
6
Evaluate 3 - (0 + -3) - 2 - 2.
2
What is the value of -6 + (1 - 5 - -1) + 4?
-5
What is -1 + (1 - -2) + -5 + 0?
-3
-3 + (2 - 1) - (-9 - -7)
0
Evaluate (-3 - (1 + -1)) + (11 - 10).
-2
Calculate -6 + -1 - (-2 + (-6 - -6)).
-5
What is the value of (1 - 9) + 4 - 0?
-4
Evaluate -2 + -1 + (-2 + 1 - 2).
-6
-2 + 1 - 2 - -2 - -6
5
What is -3 + 7 + 1 - (6 + 3)?
-4
Evaluate 1 + (-6 - -6) + 1.
2
-2 + (3 - (-2 - 0))
3
Evaluate -2 + 0 + 8 - (-8 - -13).
1
(-1 - 2) + -6 + 10
1
What is the value of -7 - ((-14 - 2) + -15 + 15)?
9
What is 1 + -4 + (-3 - -3) + 3?
0
What is the value of -346 - -345 - (1 - 0)?
-2
What is -4 + -1 + (-5 - -9) + 1?
0
What is (1 - -2) + -7 + 3 + 0?
-1
-9 - (-5 - (-3 + 1))
-6
-1 - (1 - 5 - 0)
3
Calculate -2 + 3 + -5 + 0 + 3.
-1
Evaluate -1 - (6 + (-1 - 0) + -6).
0
Calculate -1 - -1 - (-28 + 20).
8
What is -2 - (-3 + (-4 - -10))?
-5
-1 - (-2 - (-4 - -2)) - -3
2
What is 0 + (12 - 4) + -4 + 0?
4
What is the value of 10 - (7 + -6) - 9?
0
What is -1 - (-6 - (9 - 20))?
-6
Calculate 11 - (10 - 6) - 9.
-2
What is 4 + -1 + -16 + 4 + 6?
-3
Calculate (15 - 37) + 9 + 5 + 2.
-6
What is 31 + -30 + 3 + 1?
5
What is (2 - 7) + (4 - (-4 + 9))?
-6
-6 - (1 + 6 + -2 + -6)
-5
Evaluate 0 - (0 - (-2 + 3)) - -5.
6
Calculate (2 + -6 - 2) + 2.
-4
What is -5 + (3 - 0) + -3 + 4?
-1
What is the value of (-1 - (-4 + 0)) + (-14 - -12)?
1
What is -4 + 20 + -11 - 2?
3
(-7 - (-7 + -2)) + (0 - -2)
4
10 + -4 - (-2 + 2 - -1)
5
What is -8 + (1 - (-9 - -7))?
-5
Calculate (1 - 8 - 6) + 5.
-8
Evaluate (5 - 1) + (-1 - 0).
3
Evaluate -4 + 1 + (0 - (-1 + 1)).
-3
Evaluate 9 + (-1 - 6) + 3 + 1.
6
What is 2 + (-2 - (-11 + 5))?
6
What is 1 + 2 - (-3 - (-2 - 4))?
0
What is 10 - (9 - -4) - -3?
0
What is the value of 0 + (4 - 7) - -1?
-2
Evaluate 0 + -12 + -2 + (2 - -6).
-6
Evaluate -12 - (-5 + 2) - -6.
-3
What is 52 + -46 + -4 + -2 + 1?
1
What is (2 - 2) + (2 - -2) + -1?
3
Evaluate 0 + 6 + (0 - 0 - 12).
-6
Calculate -9 - (-3 - (4 + -5 + -2)).
-9
(-4 + -7 - -5) + 13
7
Calculate (-3 - 6 - -8) + -5.
-6
What is the value of 6 + -7 + (-6 - -1) - 1?
-7
What is 0 + 9 + -4 - (10 - 6)?
1
Evaluate 2 - (-6 - (-6 + -2 - -3)).
3
What is the value of -9 + -1 + (-15 - -20)?
-5
What is the value of (-13 - (-4 + 2)) + 8?
-3
What is the value of -6 + -1 - (-4 + 4 - 2)?
-5
7 - (6 - 6) - 14
-7
1 - (-5 - -2) - (-1 - -4)
1
-51 + 52 - (0 + 1 + -2)
2
What is 2 + (2 + -3 - -5) - 1?
5
What is the value of 5 - (6 - (9 + (8 - 9)))?
7
What is the value of (17 - (-4 + 14)) + -10?
-3
Calculate -3 - 8 - -10 - 5.
-6
Calculate -7 - -1 - (6 + 1 + -5).
-8
-1 - ((0 - -3) + -3)
-1
What is 4 + (-3 - -5) - (3 - 1)?
4
What is the value of -3 - (-19 - -6) - (-1 - -6)?
5
Calculate -3 + 9 + -10 - -5.
1
What is 9 + -12 + 6 + -2?
1
What is the value of -18 - -20 - (-1 + 5 + 2)?
-4
13 + -8 + (1 - 2 - -2)
6
0 + (3 - (-3 + -2 + 5))
3
What is the value of (4 - (8 - -1)) + 10 + 3?
8
What is the value of (-13 - -6 - -8 - 5) + 0?
-4
Calculate -6 - 0 - 6 - (-4 + 0).
-8
Evaluate 0 + -10 + 7 + 7.
4
What is the value of 7 + -3 + -2 + -1 - -2?
3
What is the value of 9 + -7 + 2 + (0 - 1)?
3
Evaluate 2 - -2 - (12 - 12).
4
Evaluate 4 - 10 - (-11 + 10 + -7).
2
Evaluate 65 + -71 + (4 - 2).
-4
Calculate (-2 - -5) + -6 - 2.
-5
Evaluate 10 + (-5 - -1) + -2 - 2.
2
Evaluate -5 + (-3 - (-1 - -1 - 5)).
-3
What is the value of 4 - -11 - (-3 - -14)?
4
Evaluate (-1 + 0 - -1) + 18 + -14.
4
(-3 - 1) + -11 + 19
4
What is the value of (-6 - (7 - 10)) + -2?
-5
Calculate 1 - 13 - (-185 + 180).
-7
Calculate -2 + 4 - 7 - (-13 - -14).
-6
What is -1 + 6 + -9 - -6?
2
What is the value of 9 - (-1 + 2 + 3)?
5
-2 + -1 - (-10 + 7 + -1)
1
What is -8 - (0 + -4 + -2 + 8)?
-10
Calculate 0 + -1 + 8 + -7.
0
1 - ((-7 - -9) + -7 + -1)
7
Evaluate 5 - (-2 + 18) - -3 - -2.
-6
What is the value of 1 + -2 + 0 + 0 + 2?
1
(11 - 11) + (8 - 1)
7
What is 4 - 0 - (26 - 15)?
-7
Evaluate (-2 - (-4 + 6)) + 7.
3
(-4 - -4) + 3 + 8 + -11
0
What is the value of 4 + 1 - 4 - -1?
2
What is the value of (-3 - 2) + 2 - -12?
9
Evaluate 2 - (1 + -4 + 5).
0
What is 0 - (4 + -4) - -3?
3
What is the value of -2 + 4 - (15 + -18)?
5
-7 - (-7 - (2 + 5 + -12))
-5
Calculate (-14 - -10 - (0 - 5)) + -2.
-1
Evaluate -4 + (5 - 0 - -2).
3
Calculate 2 + -14 + 10 + -3.
-5
What is the value of (0 - (-7 - -4)) + 0?
3
Calculate -4 + (6 - (3 + 0)) - -2.
1
What is the value of 6 - (0 + -1 + 3)?
4
Calculate 2 + (1 - 2) + -2 - -3.
2
What is the value of 0 + 2 - ((-15 - -11) + 5)?
1
0 + -2 + (-4 - (-7 - -1))
0
2 - ((2 - (2 - 2)) + 1)
-1
What is 15 + -11 + (0 + 1 - -3)?
8
Evaluate 2 - (2 - (7 - 13)).
-6
7 + (-2 - (9 - 4))
0
What is the value of (1 - -7) + (2 - -14 - 17)?
7
Calculate -16 + 10 - (1 + (-7 - -4)).
-4
What is the value of (4 + -5 - -2) + -6?
-5
What is the value of -3 + (4 - 5) + 1?
-3
What is the value of (-4 + -3 - -5) + (-1 - -1)?
-2
Calculate 6 - (2 + 9 + -15).
10
(4 - -1) + (25 - 26)
4
Evaluate 8 - (3 - (-5 + 2)).
2
2 + 2 + 1 + -5 + 0
0
Calculate 12 + -2 - (-3 - (-7 + 0)).
6
What is the value of (-6 - -3) + (2 - (-8 - -4))?
3
(-1 - 3) + (11 + -5 - 4)
-2
Evaluate -10 + 5 + -2 + (2 - -1).
-4
((0 - -3) + -3 - -1) + 0
1
What is the value of -10 - (2 + -7 - 0)?
-5
Calculate -5 - (-10 + 9 - (11 + -2)).
5
Evaluate (7 - 1) + -2 + (-9 - 3).
-8
-6 - (-6 + (-7 - -6) - 3)
4
Evaluate 9 + -4 + 0 - 3.
2
What is the value of 2 - (2 + -4 - 3 - -4)?
3
What is -7 + 1 + -3 + 14 + 0?
5
Evaluate 2 + (2 - (0 + 5)) + 4.
3
Calculate (-1 - 3) + (9 - (-11 + 26)).
-10
What is the value of 4 - ((1 - 7) + (5 - 1))?
6
Calculate 1 + (11 - (10 + -7)).
9
What is (-6 - -10 - 0) + -2?
2
What is the value of -4 + (0 - (3 + -6) - -6)?
5
Evaluate -2 + -3 + -1 + 1.
-5
Calculate (2 - -6 - 4) + -2 + -4.
-2
What is the value of 6 + -1 + -12 + 3 + -1?
-5
Calculate 6 - (3 + 1 + -3).
5
-16 - ((-5 - 3) + -1)
-7
Calculate 6 + (-5 + -5 - -3).
-1
What is 12 - (1 + -7 - -8 - -2)?
8
Calculate -8 + (6 - (-18 + 9)).
7
Calculate 1 + (1 - (-2 + 3)) + 4.
5
Evaluate (-7 - -2) + 22 + -15.
2
Calculate 2 + (1 - -2 - 7) + -2.
-4
Calculate 5 + -3 + 2 + -3.
1
-2 - (-4 - -2) - -4
4
Evaluate 0 + -1 + -1 + -5 + 3.
-4
(4 - (8 - -12)) + 12
-4
-8 - ((-1 - -4) + -8)
-3
What is -5 + -2 + 4 + 7 + -1?
3
What is (6 - 0) + 0 + -9?
-3
What is the value of -1 + (-11 - -5) + (2 - 0)?
-5
What is the value of 1 - (-2 - (-4 - -6))?
5
What is 5 + (1 - -4 - 5)?
5
Calculate 2 + -4 + (7 - 7) + -4.
-6
What is the value of -1 - (1 + 1) - (2 + -4)?
-1
Calculate 3 - (0 + (1 - -3)).
-1
What is -5 - (-5 - -4 - 5)?
1
-3 + (2 + -3 - (-1 + -3))
0
What is -5 - (1 + -7 + 1 + 4)?
-4
Calculate (12 - -15) + -15 + -1 + 0.
11
Evaluate -6 - ((7 - 2) + -7).
-4
Calculate 2 + 6 - (-23 + 26).
5
What is -6 + (-5 - -17) + (-1 - 0)?
5
Calculate 3 + (0 - (1 - 2)) + 0.
4
Calculate (6 - 5) + -1 + -1.
-1
What is the value of 1 - (-2 - 2 - -3 - 8)?
10
(-11 - -5) + 0 - -4
-2
Evaluate -3 + 6 + -4 + 0.
-1
What is 0 - -2 - 